
Is 240 a factor of 240269?
False
Is 11175723 a multiple of 39?
True
Is 778375 a multiple of 10?
False
Does 373 divide 94055?
False
Does 127 divide 2288218?
False
Is 1847220 a multiple of 51?
True
Is 2044619 a multiple of 1811?
True
Is 3 a factor of 4173?
True
Is 225 a factor of 790908?
False
Does 5 divide 288317?
False
Does 6 divide 681494?
False
Does 15 divide 1298715?
True
Does 33 divide 96269?
False
Is 2528379 a multiple of 5?
False
Does 234 divide 683736?
False
Does 165 divide 57915?
True
Is 269344 a multiple of 6?
False
Is 20116 a multiple of 94?
True
Is 784390 a multiple of 22?
False
Is 1582 a factor of 13611528?
True
Is 125160 a multiple of 21?
True
Is 815050 a multiple of 46?
False
Is 6775052 a multiple of 38?
False
Does 1408 divide 13975480?
False
Is 1072800 a multiple of 200?
True
Is 6 a factor of 2981774?
False
Does 119 divide 143990?
True
Is 14436665 a multiple of 13?
False
Is 8898654 a multiple of 610?
False
Does 3 divide 64121?
False
Does 627 divide 3182109?
False
Does 55 divide 1363725?
True
Is 8 a factor of 30826?
False
Does 33 divide 472836?
False
Is 3 a factor of 460487?
False
Is 370300 a multiple of 92?
True
Does 183 divide 245868?
False
Is 26293 a multiple of 2?
False
Is 1116548 a multiple of 37?
False
Does 11 divide 138446?
True
Is 1368792 a multiple of 27?
True
Is 21 a factor of 32269?
False
Does 9 divide 39864?
False
Is 777270 a multiple of 65?
True
Does 22 divide 71280?
True
Is 169 a factor of 537254?
False
Is 143230 even?
True
Does 54 divide 492318?
True
Is 25 a factor of 132207?
False
Is 12 a factor of 448102?
False
Is 131459 a multiple of 6?
False
Is 27 a factor of 84591?
True
Is 191 a factor of 392097?
False
Is 232610 a multiple of 27?
False
Is 119860 a multiple of 10?
True
Does 108 divide 2176197?
False
Does 286 divide 20167?
False
Does 539 divide 1006313?
True
Is 218059 a multiple of 17?
True
Is 168 a factor of 199373?
False
Is 27720 a multiple of 11?
True
Does 12 divide 911518?
False
Is 485584 a multiple of 89?
True
Is 956400 a multiple of 400?
True
Does 850 divide 2439745?
False
Is 2543372 a multiple of 59?
True
Does 821 divide 17938029?
True
Is 11 a factor of 191145?
False
Is 1192 a factor of 906344?
False
Is 1377420 a multiple of 30?
True
Is 73 a factor of 35113?
True
Is 14605696 a multiple of 28?
True
Is 409620 a multiple of 12?
True
Does 311 divide 153483?
False
Is 9 a factor of 2279158?
False
Does 76 divide 395580?
True
Is 393250 a multiple of 275?
True
Is 38 a factor of 657581?
False
Is 639287 a multiple of 80?
False
Is 634338 a multiple of 9?
True
Is 463788 a multiple of 149?
False
Does 106 divide 3909954?
False
Does 18 divide 4698?
True
Is 193854 a multiple of 9?
False
Is 87170 a multiple of 230?
True
Does 468 divide 1828008?
True
Does 61 divide 2491606?
True
Is 3 a factor of 75070?
False
Does 97 divide 63946?
False
Is 2790207 a multiple of 49?
True
Does 68 divide 431324?
True
Is 2033584 a multiple of 268?
True
Is 105203 a multiple of 26?
False
Does 71 divide 1367572?
False
Is 8544 a multiple of 4?
True
Is 23 a factor of 12949?
True
Is 2003712 a multiple of 48?
True
Is 816886 a multiple of 14?
True
Does 26 divide 79109?
False
Does 15 divide 416439?
False
Is 254 a factor of 2720086?
True
Is 4 a factor of 270816?
True
Does 33 divide 2140083?
True
Does 54 divide 120258?
True
Is 1862508 a multiple of 4?
True
Is 77847 a multiple of 21?
True
Is 10 a factor of 17244080?
True
Is 30 a factor of 1743892?
False
Is 97096 a multiple of 195?
False
Does 3 divide 2817?
True
Does 109 divide 124696?
True
Is 31 a factor of 2115424?
False
Is 615924 a multiple of 108?
True
Is 12 a factor of 132624?
True
Is 114000 a multiple of 75?
True
Is 7212590 a multiple of 22?
True
Is 405152 even?
True
Does 3 divide 2389425?
True
Is 2918256 a multiple of 24?
True
Does 42 divide 53970?
True
Is 226 a factor of 185772?
True
Is 63 a factor of 23814?
True
Does 31 divide 786067?
True
Does 51 divide 13292844?
True
Does 961 divide 190278?
True
Is 499988 a multiple of 239?
True
Is 8921157 a multiple of 15?
False
Is 48331 a multiple of 55?
False
Is 3 a factor of 366983?
False
Is 19 a factor of 634665?
False
Is 60 a factor of 388440?
True
Is 17024 a multiple of 7?
True
Does 77 divide 3351117?
True
Is 721656 a multiple of 26?
True
Is 930 a factor of 6015213?
False
Does 56 divide 340480?
True
Does 7 divide 35742?
True
Is 8 a factor of 120488?
True
Is 109070 a multiple of 57?
False
Is 725 a factor of 3302111?
False
Is 443168 a multiple of 44?
True
Does 17 divide 15521?
True
Is 3616608 a multiple of 1119?
True
Does 82 divide 12798454?
False
Does 11 divide 94204?
True
Does 245 divide 453934?
False
Is 28 a factor of 7328503?
False
Is 407789 a multiple of 2?
False
Does 2 divide 2972141?
False
Is 50 a factor of 5443700?
True
Is 1851750 a multiple of 1125?
True
Is 444574 a multiple of 38?
False
Is 224397 a multiple of 27?
True
Is 20 a factor of 5593500?
True
Does 10 divide 138766?
False
Is 16 a factor of 4415?
False
Is 25059 a multiple of 3?
True
Is 16 a factor of 80428?
False
Is 1268540 a multiple of 44?
False
Does 53 divide 127412?
True
Is 1094154 a multiple of 578?
True
Is 335579 a multiple of 16?
False
Does 16 divide 71295?
False
Is 4530348 a multiple of 366?
True
Is 584 a factor of 376096?
True
Is 288971 a multiple of 341?
False
Does 1987 divide 22566359?
True
Does 523 divide 1956689?
False
Does 790 divide 727590?
True
Does 182 divide 4667372?
False
Is 4 a factor of 5129842?
False
Is 108045 a multiple of 5?
True
Does 115 divide 245755?
True
Is 2 a factor of 6914?
True
Does 9 divide 63058?
False
Is 121 a factor of 1747724?
True
Does 11 divide 182468?
True
Is 1091970 a multiple of 2536?
False
Does 325 divide 75400?
True
Does 7 divide 103362?
True
Is 1753852 a multiple of 29?
False
Is 6 a factor of 1573848?
True
Is 44268 a multiple of 62?
True
Is 112 a factor of 95490?
False
Is 8 a factor of 32700248?
True
Is 178 a factor of 1095025?
False
Is 179 a factor of 2364768?
False
Does 95 divide 216410?
True
Does 112 divide 102980?
False
Is 47 a factor of 366805?
False
Is 50680 a multiple of 140?
True
Is 127 a factor of 5660907?
False
Is 9 a factor of 64722?
False
Is 362212 a multiple of 166?
True
Is 9 a factor of 159252?
False
Is 612948 a multiple of 6?
True
Is 103548 a multiple of 422?
False
Does 8 divide 3301483?
False
Is 15 a factor of 54212?
False
Is 1867025 a multiple of 177?
False
Is 361335 a multiple of 15?
True
Does 438 divide 5331263?
False
Is 1808736 a multiple of 12?
True
Does 29 divide 1359460?
False
Is 468 a factor of 622697?
False
Is 1859509 a multiple of 1073?
True
Does 144 divide 1852609?
False
Does 49 divide 140924?
True
Does 31 divide 646211?
False
Is 74018 a multiple of 985?
False
Does 6 divide 1644900?
True
Is 118326 a multiple of 26?
True
Is 23 a factor of 2521752?
False
Is 1533 a factor of 2624118?
False
Is 1102840 a multiple of 40?
True
Does 26 divide 540176?
True
Does 33 divide 25443771?
False
Does 36 divide 1464400?
False
Is 151 a factor of 571134?
False
Is 179960 a multiple of 55?
True
Is 4 a factor of 66476?
True
Does 16 divide 2216943?
False
Is 2 a factor of 28290?
True
Does 367 divide 246620?
False
Is 460 a factor of 4684198?
False
Is 9106686 a multiple of 19?
False
Is 12 a factor of 322056?
True
Does 52 divide 388524?
False
Does 123 divide 8603153?
False
Is 1014023 a multiple of 40?
False
Is 520 a factor of 369100?
False
Does 86 divide 82215?
False
Does 5 divide 12242625?
True
Is 18 a factor of 62352?
True
Is 231198 a multiple of 22?
True
Is 8 a factor of 196304?
True
Is 99120 a multiple of 80?
True
Does 211 divide 1050011?
False
Is 2550563 a multiple of 618?
False
Does 47 divide 693056?
False
Is 157384 a multiple of 382?
True
Is 159 a factor of 2141843?
False
Does 369 divide 1962672?
False
Is 824 a factor of 330664?
False
Is 2 a factor of 1620219?
False
Is 312246 a multiple of 166?
True
Is 10 a factor of 14373?
False
Does 6 divide 13335?
False
Is 658948 a multiple of 15?
False
Is 429250 a multiple of 202?
True
Does 13 divide 1589185?
True
Does 2 divide 49453?
False
Is 1938984 a multiple of 519?
True
Is 4 a factor of 824032?
True
Is 553 a factor of 7133700?
True
Is 51 a factor of 168249?
True
Is 28 a factor of 81432?
False
Is 1884100 a multiple of 10?
True
Does 11 divide 133771?
True
Is 351650 even?
True
Is 94 a factor of 6232